ermine w(4).
-219
Let b(v) = v**3 - 29*v**2 - 15520*v + 2215. Calculate b(-111).
-5
Let n(h) = -7553*h + 649521. Give n(86).
-37
Let w(o) = -o**3 - 100*o**2 + 524*o - 10. Calculate w(6).
-682
Let k(b) = -1041*b - 46845. Calculate k(-45).
0
Let y(c) = -3*c**2 - 276*c - 233. What is y(-96)?
-1385
Let f(b) = -17*b**2 - 3430*b + 93103. Determine f(-226).
-9
Let h(d) = 11*d**2 - 626*d + 435. What is h(56)?
-125
Let o(j) = -13227*j + 7684874. Give o(581).
-13
Let v(r) = -3*r**3 - 62*r**2 - 38*r - 19. Calculate v(-20).
-59
Let l(b) = -8400*b - 50450. Calculate l(-6).
-50
Let r(v) = -4*v**2 + 470*v - 9873. Calculate r(27).
-99
Let o(y) = 876*y + 48351. Give o(-54).
1047
Let i(c) = -52*c - 87. Give i(1).
-139
Let n(i) = 40*i**2 + 926*i + 483. Determine n(-23).
345
Let q(o) = -215*o**2 + 149835*o + 13943. Calculate q(697).
3
Let p(x) = 69*x**3 - x**2 + 24*x + 56. Calculate p(0).
56
Let v(o) = o**3 + 422*o**2 + 1808*o - 1372. What is v(-5)?
13
Let m(s) = 502*s + 388. Determine m(-2).
-616
Let n(m) = 183*m + 46194. Calculate n(-252).
78
Let v(n) = 14620*n + 87765. Calculate v(-6).
45
Let i(d) = 6*d**2 + 41*d - 182. Give i(9).
673
Let d(p) = -39*p**3 - 4*p**2 + 3624*p + 7257. Give d(-2).
305
Let g(v) = -2464*v - 2362. Give g(-1).
102
Let m(w) = 4*w**3 + 298*w**2 + 141*w + 671. Calculate m(-74).
1189
Let z(j) = 4458*j**2 - 53485*j - 125. Calculate z(12).
7
Let i(c) = -8071*c - 5577124. What is i(-691)?
-63
Let q(j) = -2*j**2 + 356*j - 600. Calculate q(0).
-600
Let o(k) = -1757*k**3 + 5*k**2 - 10*k + 1. What is o(1)?
-1761
Let v(k) = -k**3 + 2*k**2 + 111*k + 252. Calculate v(-8).
4
Let i(z) = -z**3 - 628*z**2 - 244*z + 240130. Calculate i(-627).
-11
Let p(l) = 5*l**2 - 321*l + 333. What is p(78)?
5715
Let r(g) = -24798*g + 30724724. Calculate r(1239).
2
Let l(f) = 626*f**3 - 2*f**2 + 4*f + 5. Calculate l(-1).
-627
Let i(s) = 584*s + 3059. Determine i(-5).
139
Let t(d) = 10661*d - 12377406. Determine t(1161).
15
Let n(s) = -9*s**2 + 673*s - 6195. Calculate n(64).
13
Let v(i) = 6*i**3 - 1986*i**2 - 3996*i - 16. Give v(333).
-16
Let j(v) = -2872*v - 1263739. Give j(-440).
-59
Let v(r) = 5*r**3 + 62*r**2 + 53*r + 349. Determine v(-12).
1
Let w(u) = -2*u**3 - 128*u**2 - 461*u - 942. Determine w(-60).
-2082
Let p(c) = 16*c + 235. Give p(41).
891
Let a(o) = o**3 - 2*o**2 + 29*o - 449. Determine a(9).
379
Let h(g) = -20*g**2 + 2841*g - 144. Determine h(142).
-2
Let v(s) = 3*s**2 + 1386*s - 66769. Calculate v(44).
23
Let n(j) = -8*j**3 - 1055*j**2 + 4480*j - 1100. Determine n(-136).
-12
Let z(r) = r**2 - 680*r - 16879. Give z(-24).
17
Let g(l) = 3539*l + 17657. Determine g(-5).
-38
Let q(g) = g**2 - 104*g - 5217. Give q(-37).
0
Let n(g) = 5*g**2 + 59*g + 178. Give n(-16).
514
Let l(y) = -y**3 - 1705*y**2 - 16947*y + 33. What is l(-10)?
3
Let t(z) = 3*z**2 + 5030*z - 35390. Give t(7).
-33
Let o(l) = -14*l - 2025. Give o(-111).
-471
Let s(i) = 2*i**3 - 1022*i**2 - 1102*i + 39935. Give s(512).
-1
Let u(k) = -2*k**3 - 794*k**2 - 12194*k - 737. Give u(-381).
25
Let f(m) = -m**3 - 862*m**2 + 10427*m - 53314. Determine f(-874).
0
Let j(b) = 125*b**3 - 21*b**2 - 110*b + 314. What is j(2)?
1010
Let k(x) = -2*x**3 - 3*x**2 + 242*x - 1388. Determine k(10).
-1268
Let f(v) = 23*v**2 - 2176*v + 13018. Determine f(6).
790
Let b(w) = -4*w**2 - 118*w + 125. What is b(10)?
-1455
Let a(l) = 3*l**3 - 33*l**2 + 3517*l - 38723. Give a(11).
-36
Let q(z) = 1676*z - 191236. Determine q(114).
-172
Let x(j) = 43*j**2 + 1485*j + 10682. Determine x(-7).
2394
Let k(o) = -o**3 - 45*o**2 - 41*o - 192. What is k(-44)?
-324
Let c(j) = 23*j**2 + 194*j - 601. Calculate c(3).
188
Let m(g) = 5*g**2 - 3*g - 3581. Give m(29).
537
Let a(f) = f**3 - 39*f**2 - 128*f - 6474. Calculate a(45).
-84
Let p(i) = -i**3 - 77*i**2 - 827*i + 35. What is p(-64)?
-285
Let s(r) = 7*r**2 + 611*r - 28919. Give s(34).
-53
Let o(n) = 2*n**3 - 10*n**2 - 231*n + 952. What is o(4)?
-4
Let i(o) = 399*o**2 + 2389*o - 38. Give i(-6).
-8
Let r(z) = -5*z**3 - 2395*z**2 + 420*z + 201128. Calculate r(-479).
-52
Let r(x) = 41*x**3 - 45423*x**2 - 5530*x - 11092. What is r(1108)?
-12
Let x(p) = 58*p**2 - 354*p + 17. Calculate x(6).
-19
Let j(u) = -811*u - 51909. Determine j(-64).
-5
Let a(b) = -71082*b - 781972. Determine a(-11).
-70
Let t(o) = -o**3 + 95*o**2 - 565*o + 187. Determine t(6).
1
Let z(n) = 523*n - 1024. Calculate z(2).
22
Let s(t) = -3932*t + 483634. Give s(123).
-2
Let x(o) = 22752*o + 68176. Give x(-3).
-80
Let d(u) = 42*u**2 - 32*u - 11. Determine d(-5).
1199
Let y(s) = 31934*s + 287411. Give y(-9).
5
Let w(j) = j**3 + 152*j**2 + 160*j + 1874. Give w(-151).
515
Let d(p) = 2*p**3 - 337*p**2 + 161*p - 497. Determine d(168).
-1673
Let m(d) = -812*d**2 + 21129*d - 437. What is m(26)?
5
Let m(q) = q**2 + 436*q - 34255. What is m(68)?
17
Let n(h) = -940*h + 23208. Calculate n(21).
3468
Let i(h) = -h**3 + 210*h**2 - 195*h - 1620. Determine i(209).
1306
Let d(h) = -3*h**3 - 21*h**2 - 164*h - 660. Give d(-5).
10
Let d(g) = -4*g**2 - 376*g - 6412. What is d(-22)?
-76
Let p(a) = 8*a**3 + 240*a**2 - 762*a + 2. Determine p(3).
92
Let c(p) = -2*p**3 + 137*p**2 - 332*p + 8787. What is c(67)?
10
Let w(h) = -2093*h - 52406. Determine w(-25).
-81
Let r(l) = l**3 - 2947*l**2 + 38134*l + 34. Give r(13).
-70
Let f(j) = 28508*j - 1596445. Determine f(56).
3
Let u(j) = -28*j**2 + 64*j - 128. What is u(5)?
-508
Let c(m) = -3*m**2 - 280*m - 5720. Determine c(-43).
773
Let x(c) = c**3 - 5*c**2 + 4411*c - 22061. Give x(5).
-6
Let t(w) = 11*w**2 - 1114*w - 5809. Calculate t(106).
-297
Let h(b) = b**3 + 28*b**2 - 525*b + 1801. Calculate h(5).
1
Let m(s) = -3*s**3 - 9*s**2 + 4*s + 36. Calculate m(-2).
16
Let p(u) = 2*u**3 + 217*u**2 - 114*u + 51. Calculate p(-109).
596
Let c(r) = -67*r**2 + 437*r - 68. Give c(2).
538
Let z(u) = -3167*u + 2644424. Give z(835).
-21
Let l(c) = -c**3 - 8*c**2 - 4481*c - 44993. Determine l(-10).
17
Let r(s) = 128*s - 4144. Determine r(32).
-48
Let w(g) = 31131*g + 498084. Calculate w(-16).
-12
Let n(c) = c**3 + 4*c**2 + 54*c + 33. Determine n(5).
528
Let z(l) = 2422*l + 120610. Calculate z(-48).
4354
Let s(c) = c**3 - 15*c**2 - 3159*c + 4511. Calculate s(-50).
-39
Let p(c) = -c**3 + 305*c**2 - 3361*c + 37363. Give p(294).
25
Let a(b) = b**3 + 2*b**2 - 264*b + 492. Give a(2).
-20
Let f(t) = -t**2 + 1393*t - 477441. Determine f(784).
15
Let o(z) = -z**3 - 45*z**2 + 933*z + 40809. Determine o(-46).
7
Let z(b) = -3*b**2 - 259*b + 8758. Give z(26).
-4
Let d(u) = 2*u**2 + 1132*u + 58043. What is d(-509)?
17
Let t(k) = 272*k - 11480. Give t(42).
-56
Let k(d) = -d**3 + 18*d**2 - 27*d - 92. Determine k(16).
-12
Let r(s) = -4*s**2 - 40710*s + 407415. Determine r(10).
-85
Let z(s) = s**3 - 27*s**2 + s + 291. Calculate z(25).
-934
Let l(h) = 6*h**2 - 1027*h + 3163. What is l(168)?
-29
Let j(f) = -45605*f + 1140220. What is j(25)?
95
Let m(q) = q**3 - 189*q**2 + 926*q + 80. Determine m(5).
110
Let z(y) = -5*y**2 - 970*y - 11770. Give z(-181).
-5
Let h(b) = -b**3 + 45*b**2 + 102*b - 2. Calculate h(47).
374
Let z(y) = -1042*y - 1796. Give z(-2).
288
Let v(z) = z**2 - 989*z + 22408. Determine v(23).
190
Let l(v) = 3375*v - 361964. Determine l(107).
-839
Let s(d) = -98*d**2 - 107*d - 364. What is s(-6)?
-3250
Let s(a) = -69*a**2 - 14455*a - 63536. What is s(-205)?
14
Let h(a) = -158*a**2 - 1121*a + 27011. Determine h(10).
1
Let i(m) = -3*m**3 - 486*m**2 + 1496*m + 1561. What is i(-165)?
-254
Let a(r) = -13163*r + 224046. Determine a(17).
275
Let b(t) = t**3 + 77969*t**2 + 545732*t - 13. What is b(-7)?
1
Let d(u) = -34*u**2 + 15*u + 93. Give d(3).
-168
Let g(f) = 2*f**3 - 92*f**2 + 202*f - 1172. Give g(44).
-28
Let s(z) = -2*z**2 + 2273*z - 24737. Calculate s(11).
24
Let k(z) = -z**3 + 11*z**2 - 80*z + 460. What is k(9)?
-98
Let s(q) = 6471*q - 2931364. What is s(453)?
-1
Let h(i) = -135*i**3 - 2*i**2 - 14*i + 35. Calculate h(2).
-1081
Let a(q) = -29*q**2 + 6242*q - 143817. What is a(189)?
12
Let w(t) = 826892*t + 826894. Determine w(-1).
2
Let p(z) = z**2 - 35740*z - 6357313. Calculate p(-177).
-4
Let z(v) = 107*v**2 - 202*v - 584. Determine z(-3).
985
Let f(z) = 4*z**2 - 755*z + 31838. Determine f(125).
-37
Let a(f) = 4*f**3 + 50*f**2 + 1170*f + 13714. Give a(-12).
-38
Let x(z) = -3*z**2 + 358*z + 41328. Calculate x(-72).
0
Let k(s) =